{"id":308,"date":"2020-09-17T15:48:50","date_gmt":"2020-09-17T15:48:50","guid":{"rendered":"http:\/\/localhost\/?page_id=308"},"modified":"2024-06-14T10:36:14","modified_gmt":"2024-06-14T10:36:14","slug":"carga-maritima","status":"publish","type":"page","link":"https:\/\/www.eps.com.do\/en\/carga-maritima\/","title":{"rendered":"Ocean freight"},"content":{"rendered":"<p>We offer you our maritime cargo services for imports or exports of more volume and weight of your company with the guarantee of EPS.<\/p>\n<p><a class=\"boton-azul\" style=\"margin-top: 30px; margin-bottom:30px;\" href=\"https:\/\/clientes.eps.com.do\/nuevacuenta.aspx\">Become a member<\/a><\/p>\n<p>We provide advice to handle your consolidated or containerized cargo, whether it will be for your imports or exports and from 600 pounds onwards. Leave the logistical worries to us no matter where you are through our 80 offices nationwide.<\/p>\n<p>We have the prestige of being the pioneers in the courier market in our country, as well as a team of experienced professionals committed to their work of offering your business the best e-commerce and logistics solutions.<\/p>\n<p>Contact our sales advisors now to have a personal interview and be able to put together a proposal tailored to your business needs!<\/p>","protected":false},"excerpt":{"rendered":"<p>We offer you our maritime cargo services for imports or exports of more volume and weight of your company with the guarantee of EPS. Become a member We provide advice to handle [&hellip;]<\/p>\n","protected":false},"author":8,"featured_media":3089,"parent":0,"menu_order":0,"comment_status":"closed","ping_status":"closed","template":"","meta":{"_acf_changed":false,"footnotes":""},"class_list":["post-308","page","type-page","status-publish","has-post-thumbnail","hentry"],"acf":[],"yoast_head":"<!-- This site is optimized with the Yoast SEO plugin v27.2 - https:\/\/yoast.com\/product\/yoast-seo-wordpress\/ -->\n<title>Ocean freight - EPS<\/title>\n<meta name=\"description\" content=\"Servicio de carga mar\u00edtima de Miami a Rep\u00fablica Dominicana. Cotiza hoy con nuestros asesores tu transporte consolidado.\" \/>\n<meta name=\"robots\" content=\"index, follow, max-snippet:-1, max-image-preview:large, max-video-preview:-1\" \/>\n<link rel=\"canonical\" href=\"https:\/\/www.eps.com.do\/en\/carga-maritima\/\" \/>\n<meta property=\"og:locale\" content=\"en_US\" \/>\n<meta property=\"og:type\" content=\"article\" \/>\n<meta property=\"og:title\" content=\"EPS Carga Mar\u00edtima\" \/>\n<meta property=\"og:description\" content=\"Servicio de carga mar\u00edtima de Miami a Rep\u00fablica Dominicana. Cotiza hoy con nuestros asesores tu transporte consolidado.\" \/>\n<meta property=\"og:url\" content=\"https:\/\/www.eps.com.do\/en\/carga-maritima\/\" \/>\n<meta property=\"og:site_name\" content=\"EPS\" \/>\n<meta property=\"article:publisher\" content=\"https:\/\/www.facebook.com\/EPSINTL\/?locale=es_LA\" \/>\n<meta property=\"article:modified_time\" content=\"2024-06-14T10:36:14+00:00\" \/>\n<meta property=\"og:image\" content=\"https:\/\/www.eps.com.do\/wp-content\/uploads\/2025\/04\/eps.jpg\" \/>\n\t<meta property=\"og:image:width\" content=\"1200\" \/>\n\t<meta property=\"og:image:height\" content=\"675\" \/>\n\t<meta property=\"og:image:type\" content=\"image\/jpeg\" \/>\n<meta name=\"twitter:card\" content=\"summary_large_image\" \/>\n<meta name=\"twitter:title\" content=\"EPS Carga Mar\u00edtima\" \/>\n<meta name=\"twitter:description\" content=\"Servicio de carga mar\u00edtima de Miami a Rep\u00fablica Dominicana. Cotiza hoy con nuestros asesores tu transporte consolidado.\" \/>\n<meta name=\"twitter:label1\" content=\"Est. reading time\" \/>\n\t<meta name=\"twitter:data1\" content=\"1 minute\" \/>\n<script type=\"application\/ld+json\" class=\"yoast-schema-graph\">{\"@context\":\"https:\/\/schema.org\",\"@graph\":[{\"@type\":\"WebPage\",\"@id\":\"https:\/\/www.eps.com.do\/en\/carga-maritima\/\",\"url\":\"https:\/\/www.eps.com.do\/en\/carga-maritima\/\",\"name\":\"Ocean freight - EPS\",\"isPartOf\":{\"@id\":\"https:\/\/www.eps.com.do\/en\/#website\"},\"primaryImageOfPage\":{\"@id\":\"https:\/\/www.eps.com.do\/en\/carga-maritima\/#primaryimage\"},\"image\":{\"@id\":\"https:\/\/www.eps.com.do\/carga-maritima\/#primaryimage\"},\"thumbnailUrl\":\"https:\/\/www.eps.com.do\/wp-content\/uploads\/2024\/06\/carga-maritima.jpg\",\"datePublished\":\"2020-09-17T15:48:50+00:00\",\"dateModified\":\"2024-06-14T10:36:14+00:00\",\"description\":\"Servicio de carga mar\u00edtima de Miami a Rep\u00fablica Dominicana. Cotiza hoy con nuestros asesores tu transporte consolidado.\",\"inLanguage\":\"en-US\",\"potentialAction\":[{\"@type\":\"ReadAction\",\"target\":[[\"https:\/\/www.eps.com.do\/en\/carga-maritima\/\"]]}]},{\"@type\":\"ImageObject\",\"inLanguage\":\"en-US\",\"@id\":\"https:\/\/www.eps.com.do\/en\/carga-maritima\/#primaryimage\",\"url\":\"https:\/\/www.eps.com.do\/wp-content\/uploads\/2024\/06\/carga-maritima.jpg\",\"contentUrl\":\"https:\/\/www.eps.com.do\/wp-content\/uploads\/2024\/06\/carga-maritima.jpg\",\"width\":1920,\"height\":1082},{\"@type\":\"WebSite\",\"@id\":\"https:\/\/www.eps.com.do\/en\/#website\",\"url\":\"https:\/\/www.eps.com.do\/en\/\",\"name\":\"EPS\",\"description\":\"Transportamos tus env\u00edos y cargas con la mayor rapidez y seguridad\",\"publisher\":{\"@id\":\"https:\/\/www.eps.com.do\/en\/#organization\"},\"alternateName\":\"Express Parcel Service International\",\"potentialAction\":[{\"@type\":\"SearchAction\",\"target\":{\"@type\":\"EntryPoint\",\"urlTemplate\":\"https:\/\/www.eps.com.do\/en\/?s={search_term_string}\"},\"query-input\":{\"@type\":\"PropertyValueSpecification\",\"valueRequired\":true,\"valueName\":\"search_term_string\"}}],\"inLanguage\":\"en-US\"},{\"@type\":\"Organization\",\"@id\":\"https:\/\/www.eps.com.do\/en\/#organization\",\"name\":\"EPS\",\"alternateName\":\"EPS\",\"url\":\"https:\/\/www.eps.com.do\/en\/\",\"logo\":{\"@type\":\"ImageObject\",\"inLanguage\":\"en-US\",\"@id\":\"https:\/\/www.eps.com.do\/en\/#\/schema\/logo\/image\/\",\"url\":\"https:\/\/www.eps.com.do\/wp-content\/uploads\/2025\/04\/logo-eps.jpg\",\"contentUrl\":\"https:\/\/www.eps.com.do\/wp-content\/uploads\/2025\/04\/logo-eps.jpg\",\"width\":696,\"height\":696,\"caption\":\"EPS\"},\"image\":{\"@id\":\"https:\/\/www.eps.com.do\/en\/#\/schema\/logo\/image\/\"},\"sameAs\":[\"https:\/\/www.facebook.com\/EPSINTL\/?locale=es_LA\",\"https:\/\/www.youtube.com\/@EPSCourier\",\"https:\/\/www.instagram.com\/epsintl\/?hl=es\",\"https:\/\/do.linkedin.com\/company\/epsintl\"]}]}<\/script>\n<!-- \/ Yoast SEO plugin. -->","yoast_head_json":{"title":"Ocean freight - EPS","description":"Servicio de carga mar\u00edtima de Miami a Rep\u00fablica Dominicana. Cotiza hoy con nuestros asesores tu transporte consolidado.","robots":{"index":"index","follow":"follow","max-snippet":"max-snippet:-1","max-image-preview":"max-image-preview:large","max-video-preview":"max-video-preview:-1"},"canonical":"https:\/\/www.eps.com.do\/en\/carga-maritima\/","og_locale":"en_US","og_type":"article","og_title":"EPS Carga Mar\u00edtima","og_description":"Servicio de carga mar\u00edtima de Miami a Rep\u00fablica Dominicana. Cotiza hoy con nuestros asesores tu transporte consolidado.","og_url":"https:\/\/www.eps.com.do\/en\/carga-maritima\/","og_site_name":"EPS","article_publisher":"https:\/\/www.facebook.com\/EPSINTL\/?locale=es_LA","article_modified_time":"2024-06-14T10:36:14+00:00","og_image":[{"width":1200,"height":675,"url":"https:\/\/www.eps.com.do\/wp-content\/uploads\/2025\/04\/eps.jpg","type":"image\/jpeg"}],"twitter_card":"summary_large_image","twitter_title":"EPS Carga Mar\u00edtima","twitter_description":"Servicio de carga mar\u00edtima de Miami a Rep\u00fablica Dominicana. Cotiza hoy con nuestros asesores tu transporte consolidado.","twitter_misc":{"Est. reading time":"1 minute"},"schema":{"@context":"https:\/\/schema.org","@graph":[{"@type":"WebPage","@id":"https:\/\/www.eps.com.do\/en\/carga-maritima\/","url":"https:\/\/www.eps.com.do\/en\/carga-maritima\/","name":"Ocean freight - EPS","isPartOf":{"@id":"https:\/\/www.eps.com.do\/en\/#website"},"primaryImageOfPage":{"@id":"https:\/\/www.eps.com.do\/en\/carga-maritima\/#primaryimage"},"image":{"@id":"https:\/\/www.eps.com.do\/carga-maritima\/#primaryimage"},"thumbnailUrl":"https:\/\/www.eps.com.do\/wp-content\/uploads\/2024\/06\/carga-maritima.jpg","datePublished":"2020-09-17T15:48:50+00:00","dateModified":"2024-06-14T10:36:14+00:00","description":"Servicio de carga mar\u00edtima de Miami a Rep\u00fablica Dominicana. Cotiza hoy con nuestros asesores tu transporte consolidado.","inLanguage":"en-US","potentialAction":[{"@type":"ReadAction","target":[["https:\/\/www.eps.com.do\/en\/carga-maritima\/"]]}]},{"@type":"ImageObject","inLanguage":"en-US","@id":"https:\/\/www.eps.com.do\/en\/carga-maritima\/#primaryimage","url":"https:\/\/www.eps.com.do\/wp-content\/uploads\/2024\/06\/carga-maritima.jpg","contentUrl":"https:\/\/www.eps.com.do\/wp-content\/uploads\/2024\/06\/carga-maritima.jpg","width":1920,"height":1082},{"@type":"WebSite","@id":"https:\/\/www.eps.com.do\/en\/#website","url":"https:\/\/www.eps.com.do\/en\/","name":"EPS","description":"Transportamos tus env\u00edos y cargas con la mayor rapidez y seguridad","publisher":{"@id":"https:\/\/www.eps.com.do\/en\/#organization"},"alternateName":"Express Parcel Service International","potentialAction":[{"@type":"SearchAction","target":{"@type":"EntryPoint","urlTemplate":"https:\/\/www.eps.com.do\/en\/?s={search_term_string}"},"query-input":{"@type":"PropertyValueSpecification","valueRequired":true,"valueName":"search_term_string"}}],"inLanguage":"en-US"},{"@type":"Organization","@id":"https:\/\/www.eps.com.do\/en\/#organization","name":"EPS","alternateName":"EPS","url":"https:\/\/www.eps.com.do\/en\/","logo":{"@type":"ImageObject","inLanguage":"en-US","@id":"https:\/\/www.eps.com.do\/en\/#\/schema\/logo\/image\/","url":"https:\/\/www.eps.com.do\/wp-content\/uploads\/2025\/04\/logo-eps.jpg","contentUrl":"https:\/\/www.eps.com.do\/wp-content\/uploads\/2025\/04\/logo-eps.jpg","width":696,"height":696,"caption":"EPS"},"image":{"@id":"https:\/\/www.eps.com.do\/en\/#\/schema\/logo\/image\/"},"sameAs":["https:\/\/www.facebook.com\/EPSINTL\/?locale=es_LA","https:\/\/www.youtube.com\/@EPSCourier","https:\/\/www.instagram.com\/epsintl\/?hl=es","https:\/\/do.linkedin.com\/company\/epsintl"]}]}},"_links":{"self":[{"href":"https:\/\/www.eps.com.do\/en\/wp-json\/wp\/v2\/pages\/308","targetHints":{"allow":["GET"]}}],"collection":[{"href":"https:\/\/www.eps.com.do\/en\/wp-json\/wp\/v2\/pages"}],"about":[{"href":"https:\/\/www.eps.com.do\/en\/wp-json\/wp\/v2\/types\/page"}],"author":[{"embeddable":true,"href":"https:\/\/www.eps.com.do\/en\/wp-json\/wp\/v2\/users\/8"}],"replies":[{"embeddable":true,"href":"https:\/\/www.eps.com.do\/en\/wp-json\/wp\/v2\/comments?post=308"}],"version-history":[{"count":0,"href":"https:\/\/www.eps.com.do\/en\/wp-json\/wp\/v2\/pages\/308\/revisions"}],"wp:featuredmedia":[{"embeddable":true,"href":"https:\/\/www.eps.com.do\/en\/wp-json\/wp\/v2\/media\/3089"}],"wp:attachment":[{"href":"https:\/\/www.eps.com.do\/en\/wp-json\/wp\/v2\/media?parent=308"}],"curies":[{"name":"wp","href":"https:\/\/api.w.org\/{rel}","templated":true}]}}

<!-- This site is optimized with the Yoast SEO plugin v27.2 - https://yoast.com/product/yoast-seo-wordpress/ -->
<title>Ocean freight - EPS</title>
<meta name="description" content="Servicio de carga marítima de Miami a República Dominicana. Cotiza hoy con nuestros asesores tu transporte consolidado." />
<meta name="robots" content="index, follow, max-snippet:-1, max-image-preview:large, max-video-preview:-1" />
<link rel="canonical" href="https://www.eps.com.do/en/carga-maritima/" />
<meta property="og:locale" content="en_US" />
<meta property="og:type" content="article" />
<meta property="og:title" content="EPS Carga Marítima" />
<meta property="og:description" content="Servicio de carga marítima de Miami a República Dominicana. Cotiza hoy con nuestros asesores tu transporte consolidado." />
<meta property="og:url" content="https://www.eps.com.do/en/carga-maritima/" />
<meta property="og:site_name" content="EPS" />
<meta property="article:publisher" content="https://www.facebook.com/EPSINTL/?locale=es_LA" />
<meta property="article:modified_time" content="2024-06-14T10:36:14+00:00" />
<meta property="og:image" content="https://www.eps.com.do/wp-content/uploads/2025/04/eps.jpg" />
	<meta property="og:image:width" content="1200" />
	<meta property="og:image:height" content="675" />
	<meta property="og:image:type" content="image/jpeg" />
<meta name="twitter:card" content="summary_large_image" />
<meta name="twitter:title" content="EPS Carga Marítima" />
<meta name="twitter:description" content="Servicio de carga marítima de Miami a República Dominicana. Cotiza hoy con nuestros asesores tu transporte consolidado." />
<meta name="twitter:label1" content="Est. reading time" />
	<meta name="twitter:data1" content="1 minute" />
<script type="application/ld+json" class="yoast-schema-graph">{"@context":"https://schema.org","@graph":[{"@type":"WebPage","@id":"https://www.eps.com.do/en/carga-maritima/","url":"https://www.eps.com.do/en/carga-maritima/","name":"Ocean freight - EPS","isPartOf":{"@id":"https://www.eps.com.do/en/#website"},"primaryImageOfPage":{"@id":"https://www.eps.com.do/en/carga-maritima/#primaryimage"},"image":{"@id":"https://www.eps.com.do/carga-maritima/#primaryimage"},"thumbnailUrl":"https://www.eps.com.do/wp-content/uploads/2024/06/carga-maritima.jpg","datePublished":"2020-09-17T15:48:50+00:00","dateModified":"2024-06-14T10:36:14+00:00","description":"Servicio de carga marítima de Miami a República Dominicana. Cotiza hoy con nuestros asesores tu transporte consolidado.","inLanguage":"en-US","potentialAction":[{"@type":"ReadAction","target":[["https://www.eps.com.do/en/carga-maritima/"]]}]},{"@type":"ImageObject","inLanguage":"en-US","@id":"https://www.eps.com.do/en/carga-maritima/#primaryimage","url":"https://www.eps.com.do/wp-content/uploads/2024/06/carga-maritima.jpg","contentUrl":"https://www.eps.com.do/wp-content/uploads/2024/06/carga-maritima.jpg","width":1920,"height":1082},{"@type":"WebSite","@id":"https://www.eps.com.do/en/#website","url":"https://www.eps.com.do/en/","name":"EPS","description":"Transportamos tus envíos y cargas con la mayor rapidez y seguridad","publisher":{"@id":"https://www.eps.com.do/en/#organization"},"alternateName":"Express Parcel Service International","potentialAction":[{"@type":"SearchAction","target":{"@type":"EntryPoint","urlTemplate":"https://www.eps.com.do/en/?s={search_term_string}"},"query-input":{"@type":"PropertyValueSpecification","valueRequired":true,"valueName":"search_term_string"}}],"inLanguage":"en-US"},{"@type":"Organization","@id":"https://www.eps.com.do/en/#organization","name":"EPS","alternateName":"EPS","url":"https://www.eps.com.do/en/","logo":{"@type":"ImageObject","inLanguage":"en-US","@id":"https://www.eps.com.do/en/#/schema/logo/image/","url":"https://www.eps.com.do/wp-content/uploads/2025/04/logo-eps.jpg","contentUrl":"https://www.eps.com.do/wp-content/uploads/2025/04/logo-eps.jpg","width":696,"height":696,"caption":"EPS"},"image":{"@id":"https://www.eps.com.do/en/#/schema/logo/image/"},"sameAs":["https://www.facebook.com/EPSINTL/?locale=es_LA","https://www.youtube.com/@EPSCourier","https://www.instagram.com/epsintl/?hl=es","https://do.linkedin.com/company/epsintl"]}]}</script>
<!-- / Yoast SEO plugin. -->

Servicio de carga marítima de Miami a República Dominicana. Cotiza hoy con nuestros asesores tu transporte consolidado.

EPS Carga Marítima

Transportamos tus envíos y cargas con la mayor rapidez y seguridad
